derivative of h**3/6 - 4*h**2 + h. Let m(t) = -7*t - 14. Let o be m(-2). Calculate c(o).
-8
Suppose -4*z + 3 = -3*z. Suppose 5*v - z*f = 2*f - 35, -20 = 5*v - 2*f. Let k(d) = 3*d**2 - 1 - 2*d + 2*d + d**3. Calculate k(v).
3
Let f(d) be the first derivative of -d**3/3 + 3*d**2 + 8*d - 22. Give f(7).
1
Let x be (-2 - (-3)/2)*0. Let r = 2 + x. Let w(f) = 4*f**r + 0*f - 6 - f**2 + 4*f + f - f**3. Determine w(4).
-2
Let h(d) = -4*d. Let z(i) = -7*i + 1. Let u(y) = y**3 - 3*y**2 - 4*y + 2. Let c be u(3). Let a(l) = c*h(l) + 6*z(l). Calculate a(5).
-4
Suppose -5*z - 4 + 19 = 0. Let g(k) = 1 - 2*k**2 + 0*k + 4 - 4 + 2*k - k**z. Calculate g(-3).
4
Let w(m) = m**3 - 6*m + 5. Let k(r) = r**3 - r + 1. Let l(h) = -5*k(h) + w(h). Calculate l(1).
-5
Let j(x) = 11*x**2 - x. Let v(c) = -c**2 - 2*c + 5. Let n be v(-4). Let a = n - -4. Give j(a).
10
Suppose 0 = i + 4*l - 17, -2*i = -0*i - l + 11. Let q(c) be the third derivative of 4*c**2 + 1/6*c**3 - 1/60*c**5 - 1/6*c**4 + 0*c + 0. Calculate q(i).
4
Let j(w) = 9*w**2 - w. Let l = -24 + 25. Determine j(l).
8
Let q(b) = -2*b. Let o(j) = 1. Let u(p) = 4*o(p) + 2*q(p). Calculate u(3).
-8
Let w(m) = -6*m**3 - m**2 - 2*m + 2. Let s be w(1). Let r(l) = -2*l - 6. Calculate r(s).
8
Let r(n) = -n**2 + 3*n - 2. Let i be 3/21 - (-135)/35. Give r(i).
-6
Let x = -10 - -5. Let s = x + 7. Let m(i) = -4*i**2 + 3*i - 3. Determine m(s).
-13
Let h(l) = -2*l**3 - 2*l**2 + 1. Let b = -14 + 15. Let d be h(b). Let y(p) = -p**2 - 6*p + 3. Give y(d).
12
Let h(o) = 4*o**2 + 2*o - 1. Let a(v) be the third derivative of -v**4/24 - v**3/3 - v**2. Let z be a(-3). Let j be (4 - 3) + z - 1. Determine h(j).
5
Let b(w) = 6*w**2 - w + 1. Let j(p) = -p**2 - 4*p + 6. Let h be j(-5). Determine b(h).
6
Let j(k) = -k**3 + 4*k**2 + 4*k + 5. Suppose 5*b - 20 = 40. Suppose -28 + b = 4*o - 4*u, o - 2*u = -6. Let w = o - -7. What is j(w)?
0
Let a(d) = -9*d**3 - 5*d**2 - 2*d - 14. Let i(k) = -4*k**3 - 3*k**2 - k - 7. Let x(g) = 3*a(g) - 7*i(g). Determine x(-6).
1
Let y(z) = 2*z + 4. Let u(w) = w + 1. Let r be 2/(-2)*(-4)/(-4). Let h(m) = r*y(m) + 3*u(m). Determine h(-1).
-2
Let p(u) = -2*u**3 - 4*u**2 - 3*u - 2. Suppose 5*s = -d + 19, 5*d - 4*s - 36 - 1 = 0. Let m be (3/1)/(d/(-30)). Let l = 8 + m. Calculate p(l).
4
Let d(t) = -7*t**2 - t - 1. Let h be d(-1). Let i(z) = z**3 + 7*z**2 - z - 10. What is i(h)?
-3
Let v = -61 + 55. Let l(t) = t**2 + 7*t + 6. Calculate l(v).
0
Let j(a) = 6*a**2 - 2*a + 8. Let f(y) = -y**2 - 1. Let g(h) = -5*f(h) - j(h). Let m(l) be the first derivative of g(l). Give m(3).
-4
Let x be 2/(-6) - 20/(-6). Let j(m) = 3*m**2 + 21*m - 8. Let q(a) = a**2 + 10*a - 4. Suppose -3*f - 35 = 2*f. Let o(g) = f*q(g) + x*j(g). Give o(4).
8
Let h(u) = 13*u + 13. Let q(z) = -6*z - 6. Let i(b) = 4*h(b) + 9*q(b). Give i(2).
-6
Let j = 3 - 3. Suppose j*i + 3*i = 12. Let y(l) = -4*l**2 + 3*l**2 + 0*l**2 + 2*l + 3. Give y(i).
-5
Let p(r) = -r**3 - r**2 - 2*r - 3. Suppose 0 = -3*o + 2 + 13. Suppose -5*g + 5*a - 20 = 3*a, -o*a + 12 = -3*g. Let n be g/5*(-5)/(-2). Calculate p(n).
5
Let m(v) = -v**2 - 4*v - 3. Let a be (-3)/(-9)*(-1 + 13). Suppose h = -a - 1. Determine m(h).
-8
Suppose 0*o + 2*o - 16 = -5*w, 4*o - w + 12 = 0. Let b = 5 + o. Let y(h) = h**2 - 2*h - 4. Determine y(b).
-1
Let h(f) = f**3 + 6*f**2 - 3*f - 9. Let p be 32/(-40)*30/4. Give h(p).
9
Let v(f) be the first derivative of 0*f + 2/3*f**3 + 1/60*f**5 + 2 + 3/2*f**2 - 5/24*f**4. Let c(k) be the second derivative of v(k). Give c(5).
4
Let s be 8 + -1*1*1. Let j(l) = -9*l**3 + 7*l**2 + 7*l - 24. Let d(m) = -5*m**3 + 3*m**2 + 4*m - 14. Let i(x) = -7*d(x) + 4*j(x). What is i(s)?
2
Suppose -2*z + 4 = 0, -4*u + 4*z = -z - 130. Let r be (-1)/4 - u/(-28). Let t(q) = -q**2 - q + 1. Give t(r).
-1
Let t(h) be the second derivative of h**7/840 - h**6/120 - h**5/24 + h**4/4 - 5*h**3/6 + 2*h. Let d(m) be the second derivative of t(m). Determine d(4).
2
Let w(c) = -73*c - 1 + 43*c + 31*c. Let t be ((-3)/(-2))/((-3)/6). Determine w(t).
-4
Let f(a) = 4*a**2 - 9 + 8 - 13*a**2 - a. Determine f(-1).
-9
Let j(r) = -3*r + 1. Let w(k) = -10*k - 1. Let v(c) = 3*j(c) - w(c). Determine v(6).
10
Let l(s) = s**2 - 5*s - 7. Suppose 0 = 2*g - 4*y + 12 - 88, -y = 2. Suppose 26 = -2*z - g. Let q be 5/z - 74/(-12). What is l(q)?
-1
Suppose -5 = 4*d - 17. Let l = 2 + d. Let q(f) = -7*f - 3*f**2 + 6 + f**2 + 3*f**2. What is q(l)?
-4
Suppose 5*d = 37 - 7. Let w(x) = x**2 - 9*x + 5. Give w(d).
-13
Let p(i) = -2 + 7 - 2*i + 2*i + i. Let d(h) = -h**2 + 3*h - 4. Let u be d(3). Calculate p(u).
1
Let d be (-1*2 - -3)*-3. Let n(o) = o - 6. Let g(u) = u - 7. Suppose -r + 4*w = -16, -3*r + 5*w - 3*w = -18. Let m(i) = r*n(i) - 3*g(i). Determine m(d).
-6
Suppose -3*s = -7*s. Let c(g) = s - 9 + 1 - 2 - g. Give c(-7).
-3
Let i(w) = w + 4. Suppose t = -5*b - 2, 11 - 1 = -5*t + 5*b. Let z be (t - 1)*(-2)/(-3). Let g be z - (-1)/(-2 + 1). What is i(g)?
1
Suppose 2*h - 3*b = 0, -5*h + 6*h + 4*b - 22 = 0. Let m = h + -7. Let x(d) be the third derivative of d**6/60 + d**5/30 + d**4/24 - d**2. Determine x(m).
-1
Suppose 4*z = 3 + 9. Let f = 5 + -2. Let j(q) = 0*q - 5*q**2 + f*q + q**z + 6 + 3*q - 8*q. Calculate j(5).
-4
Let t(x) = -4*x - 4 + 5 + 2 + x. Let y = 1 + -4. Calculate t(y).
12
Suppose 13 = -j - 3*c, -4*j - 3*c + 2 = 9. Let i(x) = -7*x + 3*x + 3*x + j*x. Calculate i(1).
1
Suppose 5*a = a - 12. Let t be 12 + (-1 - (-2 - a)). Suppose -2*g + w = 11, -3*g = -0*g + 5*w + t. Let f(d) = -d**3 - 4*d**2 + 6*d - 1. What is f(g)?
-6
Let b(p) be the third derivative of -p**4/24 - p**3 + 25*p**2. Calculate b(-5).
-1
Let g(l) be the third derivative of l**4/24 - l**3/6 - 7*l**2. Give g(-4).
-5
Let w(m) be the second derivative of m**3/2 + m**2 + 2*m. What is w(-3)?
-7
Let z be 0 - 1 - (-9)/6. Let k(v) be the first derivative of -1 + z*v**2 + 2*v. Determine k(-3).
-1
Suppose -3*b - 4*c - 2 = 0, -2*b = c + c + 4. Let w(s) be the third derivative of s**5/60 + 5*s**4/24 - s**3/2 - s**2. Determine w(b).
3
Let c(x) be the second derivative of -11*x**4/12 - 13*x**3/6 + x**2/2 - 2*x. Let k(h) = -6*h**2 - 7*h + 1. Let t(s) = -3*c(s) + 5*k(s). Give t(-2).
6
Let f be ((-2)/4)/((-3)/18). Let k(r) be the second derivative of r**5/20 - r**4/3 + r**3/2 + 2*r**2 - 2*r. Give k(f).
4
Suppose 0 = -2*l - 5*l + 28. Let u(d) = -2*d - 3. What is u(l)?
-11
Let r(b) = -4*b**2 + 1. Let z(d) = 7*d**2 - d - 1. Let s(y) = -5*r(y) - 3*z(y). Suppose -3 = -t - 0. Calculate s(t).
-2
Suppose 0 = -2*k + 3 - 11. Let g = 1 - -1. Let r(y) = -4 - g*y**2 + y**2 - 6*y + 0*y**2. Determine r(k).
4
Suppose -10 = -5*j + 5. Suppose 5*c - 4*l + j = 0, 2*c - 3*l + 1 = -3. Let i(p) = -p**2 + 0 + 0 + 0 + c + 2*p. Determine i(4).
-7
Let h(u) = -u**3 - 5*u**2 - 5*u - 5. Let r be h(-4). Let f(l) be the second derivative of -l**4/4 - l**3/6 - l**2/2 - 5*l. Determine f(r).
-3
Let a = -12 - -14. Let t(j) = -6*j**2 + 11*j - 14. Let c(f) = f**2 - 2*f + 3. Let o(l) = a*t(l) + 11*c(l). Determine o(0).
5
Suppose 4*z - 4*v = v, -4*z = 4*v + 36. Let n be 38/14 - 6/(-21). Let x(c) = -2*c**3 - 2*c + 5*c**2 + c + n*c**3 + 0 + 1. Calculate x(z).
6
Let n(j) = j**3 + 5*j**2 + 3*j - 1. Let q = -28 - -24. Determine n(q).
3
Let a(o) = -o - 3. Let n(x) = 16*x - 4*x**3 - 1 - 2*x**2 - 10*x - 4*x. Suppose -2*i = 2*i - 4. Let d be n(i). Determine a(d).
2
Suppose -2 - 1 = r. Let w = -2 + 4. Let v(g) = -2 + 4 - 4*g + g**2 - w*g**2. Calculate v(r).
5
Let m(x) = -4*x**2 + 3*x - 2. Let u(d) = d**3 + d - 1. Let g(k) = -m(k) - u(k). Give g(3).
0
Let i(h) = 3*h**3 - 10*h**2 - 3*h + 9. Let u(z) = z**3 - z + 12*z**2 - 17*z**2 + 4 - 2 + 2. Let m(n) = 2*i(n) - 5*u(n). Calculate m(-5).
3
Suppose 3*t = -2*t - 2*d + 19, 2*t + 5*d + 5 = 0. Let r(v) = -2*v + 6. Determine r(t).
-4
Let a(s) be the third derivative of -s**4/24 - 5*s**3/2 - 2*s**2. Let l be a(-9). Let g(f) = -f**3 - 7*f**2 - 5*f + 8. Give g(l).
2
Let z(d) be the first derivative of -d**2/2 - d + 48. Calculate z(6).
-7
Suppose 0 = -l - 0*i - 2*i + 24, -l - i + 24 = 0. Suppose -h + 4*k = -l, 4*k = -h + 6*k + 14. Let v(a) = 2 - h*a**2 + 3*a**2 + 2*a**2 - 4*a. Give v(5).
7
Let p(j) = j - 6. Suppose -2*h = -2 - 8. Suppose -t = -1 - h. Give p(t).
0
Let t(j) be the second derivative of j**4/12 + j**3/6 - j**2 + 6*j. Calculate t(2).
4
Suppose 11 = 2*u + 7. Let g(f) = 2 - u - 6 + 2